-4*i + 133, 0*i - 2*u = -2*i + 74. Let z(r) = 5*r**3 + 2*r**2 - r + 2. Let y be z(2). What is the highest common factor of i and y?
16
Suppose -6*k + 7*k = 72. Calculate the highest common factor of k and 180.
36
Suppose w + 2 - 17 = 0. Suppose 6*l - 3*l = 0. Suppose l = -5*s, 3*m - 12 = -s + 33. Calculate the highest common factor of w and m.
15
Suppose 0 = -5*a - 0*a - 25. Let n = a - -20. Let v = -218 + 368. What is the greatest common divisor of v and n?
15
Let y = -14 - -20. Let u be (y/4)/((-2)/(-4)). Let q be u/3*1 + 0. Calculate the highest common factor of 1 and q.
1
Let k = -47 + 55. Let q = 158 - 94. Calculate the greatest common divisor of k and q.
8
Suppose 145 = 2*x - 35. Let a(i) = i**2 - 2*i + 1. Let w be a(3). Suppose w + 6 = u. Calculate the greatest common factor of x and u.
10
Suppose -p = -2*v - 0*p + 41, 2*p + 28 = v. Calculate the highest common divisor of v and 108.
18
Let t be ((-16)/(-10))/((-2)/(-5)). Calculate the greatest common factor of 10 and t.
2
Let c be (-489)/21 - (-2)/7. Let u = 41 + c. Suppose 3*b = -4*g - 29 + 167, -5*g + 172 = 4*b. What is the greatest common factor of g and u?
18
Suppose k + 611 = 4*b - 0*k, 0 = -b + k + 149. Suppose -p - b = -3*p. Let z be -22*(0 - 2/4). Calculate the greatest common divisor of z and p.
11
Suppose 48*i - 10 = 43*i. Calculate the highest common divisor of i and 11.
1
Let o(g) = -g**2 - 7*g. Let i be o(-3). What is the greatest common factor of 48 and i?
12
Suppose 3*l - 41 = 31. Let a be (-6)/(0 - (-3)/(-48)). Calculate the highest common factor of a and l.
24
Let o(j) = 25*j**2 - 6*j + 2. Let m be o(3). Calculate the greatest common divisor of 19 and m.
19
Let o(w) = w**2 - 1. Let h be o(-1). Suppose h = 3*u - 7 - 2. Let a be (u + 3)*10/4. What is the greatest common divisor of 10 and a?
5
Suppose 0 = -c - c + 4. Suppose -y - 3*o - 12 = 0, 6 = -c*o - 4. Calculate the highest common divisor of y and 21.
3
Let p be (-7)/21 + 112/3. Suppose -3*h + p = 4*m, -5*m - 3*h = -58 + 14. What is the greatest common factor of m and 49?
7
Suppose -5*h = -4*n - 137, 0 = h - 2*n + 4 - 35. Suppose -52 = -d + h. Calculate the greatest common factor of d and 11.
11
Suppose y + 5*i - 25 = -0*y, -4*y - 4*i = -36. Suppose 3*m - 57 = -3*k, y*m - 102 = 4*k - 2*k. What is the greatest common divisor of m and 5?
5
Suppose 0 = -3*b - 135 + 327. Calculate the greatest common factor of 128 and b.
64
Let y(r) = 22*r - 2. Let l(b) = -66*b + 5. Let m(s) = -3*l(s) - 8*y(s). Let h be m(6). What is the greatest common factor of 19 and h?
19
Let g = 64 - 30. Let d = -22 + g. Calculate the highest common divisor of d and 24.
12
Let b be 5*(3 + (-52)/20). Let t(v) = -v - 1. Let o be t(-2). Calculate the highest common divisor of o and b.
1
Suppose 5*j = -3*h - 0*h + 33, -4*h + 4*j + 76 = 0. Suppose -9 = -5*z + h. Suppose -5 - 5 = -5*c. What is the greatest common divisor of z and c?
1
Let g be (-2)/5 - 208/(-20). Let b be ((-5)/g)/((-2)/52). Let v be -4*(11/(-2) - 1). Calculate the greatest common factor of v and b.
13
Let n(k) = -14*k**2 - 3*k + 4. Let x(q) = 27*q**2 + 5*q - 7. Let g(i) = 5*n(i) + 3*x(i). Let j be g(1). What is the greatest common factor of 90 and j?
10
Suppose -3*z = -21 - 375. What is the greatest common factor of z and 22?
22
Let i(f) = -2*f - 9. Let l be i(-10). Calculate the greatest common factor of l and 22.
11
Let g be 6 + -3 - 109/(-1). Calculate the greatest common factor of 16 and g.
16
Let g = 196 - -54. What is the highest common divisor of g and 100?
50
Let i = 14 - 11. Let o be i*12 - (-1 - -4). Calculate the greatest common divisor of 22 and o.
11
Suppose -4*w + 51 = 7. Calculate the greatest common factor of 99 and w.
11
Let x be (-124)/(-7) - 6/(-21). Let v = x + 15. What is the highest common factor of v and 22?
11
Suppose -3*m + 7 = -2. Suppose m*y = 12 + 42. What is the highest common factor of 2 and y?
2
Let o = -5 + 5. Suppose 2*m - m - 27 = o. Suppose m = g + 2*g. What is the greatest common factor of g and 36?
9
Suppose 3*q = 28 + 8. Let b = 20 + 16. What is the greatest common divisor of q and b?
12
Let v(t) = t**3 - t**2 - 2*t - 4. Let s be v(3). Let f = -5 + s. Suppose -d + 4 = f*d. Calculate the greatest common divisor of 8 and d.
1
Suppose 5*k = -3*n + 38, 5*k - 42 = -0*n - 2*n. Calculate the highest common divisor of 10 and k.
10
Let q be ((-720)/32)/(2/(-4)). Let x = 8 - -7. Calculate the greatest common factor of x and q.
15
Let h(w) be the first derivative of 2/3*w**3 - 1 - 3/2*w**2 - w. Let d be h(-2). Calculate the greatest common divisor of 65 and d.
13
Let s(r) = 5*r**2 + 3*r + 3. Let b be s(-2). Let f(q) = 2*q**3 - q**2 - 4*q + 1. Let g be f(3). What is the greatest common factor of g and b?
17
Suppose 0 = 2*g - 205 + 9. Let o be 0 + 0 + 52/4. Let c = o - -1. Calculate the greatest common divisor of g and c.
14
Suppose 0 = n - 4*i + 3*i - 1, -i = 4*n + 6. Let a = n + 1. Suppose a = -4*y + y + 36. What is the highest common factor of 6 and y?
6
Let g(c) = -c + 6. Let b be g(7). Let j be (-1)/b - (-56 + -3). Suppose 0 = 2*s - 7*s + j. What is the greatest common factor of 4 and s?
4
Let b be -3 - -2 - (-6)/1. Suppose -6*l - 42 = -b*l. Let c be (-334)/(-7) - 12/l. What is the highest common divisor of c and 16?
16
Let z = 48 + 32. Calculate the greatest common factor of 30 and z.
10
Let d(w) = -w**2 + 11*w + 14. Let s = 30 + -20. Let i be d(s). Calculate the highest common divisor of i and 16.
8
Let k(g) = -2*g + 18. Let j be k(-5). Calculate the highest common divisor of 8 and j.
4
Let y(h) = -h**2 + 11*h - 15. Let r be y(9). Calculate the greatest common factor of r and 15.
3
Suppose -3 = -3*r + 9. Calculate the greatest common divisor of r and 44.
4
Let q(z) = 2*z**2 - 6*z + 3. Let a be q(-5). Suppose -2*w + 2*j + 256 = 0, w + 2*j - 51 = a. What is the greatest common factor of 52 and w?
26
Suppose 11*j = 9*j + 160. What is the greatest common divisor of j and 16?
16
Let r(o) = -63*o + 6. Let b be r(-2). What is the highest common divisor of 99 and b?
33
Suppose -2*k + 5*k - 132 = 0. Calculate the greatest common divisor of k and 22.
22
Suppose 0 = 3*n + 9 - 21. Suppose 12 = 3*q - 2*q - r, 66 = n*q + 5*r. What is the greatest common divisor of 28 and q?
14
Let b(x) = 4*x - 30. Let t be b(12). Suppose -5*a = -5*d - 235, 6*a - 139 = 3*a + 2*d. Calculate the highest common divisor of a and t.
9
Let h(n) = -7*n - 36. Let u be h(-9). What is the highest common divisor of 3 and u?
3
Let l be 26/(-8)*(-13 - 3). What is the highest common factor of 13 and l?
13
Let z be -6*4/(-36) + (-236)/(-6). What is the highest common divisor of z and 5?
5
Suppose -280 = -0*n - 5*n. Suppose 3*u + 5*r - 1 = 0, 0*u - 4*r = -2*u + 30. What is the greatest common factor of u and n?
7
Suppose 4*g = 2 + 6. Suppose 0 = -m + 5*s + 31, 3*m - 7*m - g*s + 36 = 0. Calculate the highest common factor of 66 and m.
11
Suppose 0 = h + 3*h - 80. Suppose 0 = -232*w + 231*w. Suppose 3*p + a + a - 19 = w, -a + h = 5*p. What is the highest common divisor of p and 21?
3
Suppose -5*q + 5 = -0*q. Let c be (12 - (q - 4)) + -3. What is the greatest common factor of c and 12?
12
Let x be (-3)/6 - 111/(-6). Let o = -13 + x. Suppose -2 = -2*y - 4, -o*d = -4*y - 54. Calculate the highest common divisor of 30 and d.
10
Suppose 0 = -3*z + 7*z. Suppose -5 = -5*x + 10, -v - x + 27 = z. What is the greatest common factor of v and 216?
24
Let i be (-14)/(-4)*2 + -3. Suppose 0 = -x - 5*p + 33 - 6, -36 = -i*x + 4*p. Let h be 676/14 - (-4)/(-14). Calculate the greatest common divisor of x and h.
12
Suppose 0 = -4*s - 4, z - 5*z + 41 = -s. Calculate the greatest common factor of z and 40.
10
Let b be (232/(-12))/((-10)/15). What is the greatest common factor of b and 203?
29
Let n be 1536/(-36)*(-6)/4. Calculate the greatest common factor of n and 32.
32
Suppose -3*m + 5*m - 88 = 3*x, -2*m + 2*x = -92. Let q = 28 - 8. What is the greatest common divisor of m and q?
10
Suppose -3*k = -169 - 29. Calculate the greatest common divisor of k and 6.
6
Let z be ((-33)/6)/(1/(-2)). What is the highest common divisor of z and 55?
11
Let z = 93 - 21. Suppose 5*j - 2 = 38. What is the greatest common divisor of z and j?
8
Let t(a) = -5*a + 6. Let r be t(-10). What is the greatest common factor of r and 8?
8
Let m be 